
Is 54 a factor of 2041092?
True
Does 4 divide 190043996?
True
Does 746 divide 48788268?
False
Is 143 a factor of 9786348?
True
Is 19383488 a multiple of 64?
True
Is 225 a factor of 1188560925?
True
Is 88 a factor of 620145489?
False
Is 137677735 a multiple of 83?
False
Is 277 a factor of 288374728?
True
Is 594 a factor of 13565021?
False
Is 152 a factor of 15943584?
True
Does 12 divide 58109676?
True
Does 6 divide 344384563?
False
Is 2694 a factor of 90704286?
True
Is 2522219825 a multiple of 3515?
False
Is 287920957 a multiple of 188?
False
Is 264 a factor of 53298063?
False
Is 3472 a factor of 4565680?
True
Is 358070 a multiple of 305?
True
Does 430 divide 117002284?
False
Does 153 divide 80625199?
False
Does 38 divide 48065268?
False
Does 6064 divide 333393982?
False
Is 73 a factor of 13003855?
True
Is 6622406 a multiple of 206?
False
Does 12 divide 1125678300?
True
Does 18 divide 1248064061?
False
Is 179 a factor of 1522847306?
False
Is 102 a factor of 569215491?
False
Does 48 divide 3838674432?
True
Is 379 a factor of 34430634?
True
Does 12 divide 1692072?
True
Is 13 a factor of 170440998?
True
Does 7 divide 62453256?
False
Is 22 a factor of 10446250?
False
Does 2071 divide 4626394474?
True
Is 625 a factor of 8108087?
False
Is 123416062 a multiple of 43?
False
Is 37 a factor of 164371020?
True
Is 330 a factor of 780450000?
True
Does 583 divide 29474731?
True
Does 1838 divide 98869214?
False
Does 250 divide 81259250?
True
Is 38 a factor of 111384152?
False
Is 3168142 a multiple of 127?
True
Is 2693998820 a multiple of 70?
False
Is 169 a factor of 3305171259?
False
Does 6 divide 271290?
True
Is 59 a factor of 141764490?
False
Is 592546200 a multiple of 100?
True
Does 13 divide 897364?
True
Is 3444064 a multiple of 306?
False
Is 69653304 a multiple of 168?
True
Is 7 a factor of 114885182?
False
Is 20031184 a multiple of 687?
False
Does 18 divide 16626708?
True
Does 1747 divide 11563236?
False
Does 167 divide 22281474?
True
Is 11 a factor of 109607553?
True
Is 606253527 a multiple of 69?
True
Is 162 a factor of 2905956?
True
Is 1294 a factor of 315273628?
False
Is 748734096 a multiple of 29?
False
Is 1540235120 a multiple of 8?
True
Does 227 divide 27432291?
False
Does 90 divide 74403356?
False
Is 540064492 a multiple of 6?
False
Does 319 divide 540112617?
True
Is 58570680 a multiple of 70?
True
Is 64097145 a multiple of 41?
True
Is 13986427 a multiple of 83?
False
Is 5012775 a multiple of 23?
False
Is 212280925 a multiple of 46?
False
Is 5 a factor of 24088968?
False
Is 44126124 a multiple of 1623?
True
Is 2074765 a multiple of 12?
False
Is 75600416 a multiple of 8?
True
Is 4604 a factor of 359567796?
True
Is 19918260 a multiple of 10?
True
Is 39 a factor of 12135330?
False
Does 196 divide 1315949781?
False
Does 236 divide 79905824?
True
Is 6512789 a multiple of 2048?
False
Is 2803 a factor of 496707501?
False
Does 295 divide 2328742390?
True
Is 3 a factor of 4864856?
False
Does 407 divide 1946274?
True
Is 40626502 a multiple of 57?
False
Is 75614682 a multiple of 26?
True
Does 13 divide 3881342361?
True
Is 11 a factor of 3728483?
True
Is 707 a factor of 42549404?
False
Is 10078725 a multiple of 25?
True
Does 332 divide 206737396?
True
Does 123 divide 9261738?
False
Is 61 a factor of 105437951?
True
Is 48 a factor of 3042050160?
True
Is 724374339 a multiple of 39?
True
Is 5 a factor of 5590280?
True
Is 254 a factor of 188832998?
True
Is 134 a factor of 101170536?
True
Does 231 divide 629318844?
True
Is 1178 a factor of 200211517?
False
Is 81 a factor of 170127216?
True
Is 222 a factor of 53676714?
True
Is 74390816 a multiple of 32?
True
Is 136 a factor of 30459512?
True
Is 49 a factor of 83343806?
True
Is 56516685 a multiple of 15?
True
Is 80 a factor of 255205280?
True
Does 708 divide 1966583280?
True
Is 341 a factor of 7249750?
False
Is 3892662 a multiple of 384?
False
Does 12 divide 50794551?
False
Is 613661661 a multiple of 448?
False
Is 45 a factor of 32716181?
False
Is 83 a factor of 241481777?
True
Is 91453515 a multiple of 220?
False
Does 862 divide 332108774?
True
Does 6 divide 172032651?
False
Is 2431 a factor of 103266449?
True
Is 6753 a factor of 1152311038?
False
Is 1103 a factor of 61165947?
False
Does 9 divide 41962361?
False
Does 4 divide 19852896?
True
Is 2381 a factor of 1573350514?
True
Does 1040 divide 244383720?
False
Is 1230 a factor of 192309270?
True
Is 33 a factor of 228631835?
False
Is 7 a factor of 23891581?
True
Does 9 divide 1458674230?
False
Does 26 divide 3399708?
True
Is 685 a factor of 1527984290?
True
Is 52851881 a multiple of 49?
False
Is 541 a factor of 8118787?
True
Does 26 divide 333995131?
False
Does 2002 divide 12384119?
False
Does 77 divide 381872198?
False
Is 2978 a factor of 655888030?
False
Is 1598583805 a multiple of 91?
True
Does 318 divide 256099333?
False
Does 67 divide 14812896?
True
Does 59 divide 1618482218?
True
Is 2380 a factor of 38251360?
True
Is 18 a factor of 60359724?
True
Is 143 a factor of 115419733?
True
Is 191 a factor of 5730573?
True
Does 365 divide 11943280?
False
Is 7077884 a multiple of 741?
False
Does 1030 divide 17881830?
True
Does 58 divide 15545604?
False
Is 2362 a factor of 19260148?
False
Does 70 divide 1141770?
True
Is 157262545 a multiple of 409?
True
Is 163 a factor of 313410206?
True
Does 7 divide 75918689?
True
Is 67390701 a multiple of 399?
True
Does 228 divide 414835459?
False
Does 106 divide 169294826?
True
Is 12 a factor of 23425132?
False
Is 2371592 a multiple of 2?
True
Does 283 divide 11788648?
True
Is 4072 a factor of 477169176?
True
Is 37 a factor of 23634416?
True
Is 252 a factor of 10514379?
False
Is 63775051 a multiple of 25?
False
Does 117 divide 20344562?
False
Does 414 divide 980462538?
True
Is 45458058 a multiple of 17?
False
Is 44 a factor of 12883112?
True
Is 10406055 a multiple of 407?
False
Is 54 a factor of 242512254?
False
Is 55174461 a multiple of 92?
False
Does 110 divide 54914420?
True
Is 293 a factor of 10566459?
True
Is 205 a factor of 1110710295?
True
Is 1326633882 a multiple of 7?
True
Does 3877 divide 344240494?
False
Is 276629807 a multiple of 418?
False
Is 931528221 a multiple of 898?
False
Is 685298012 a multiple of 120?
False
Does 117 divide 303682324?
False
Does 31 divide 8093387?
True
Does 134 divide 568159134?
False
Is 103881389 a multiple of 249?
False
Is 405720126 a multiple of 3906?
True
Is 2934594754 a multiple of 2366?
True
Is 91 a factor of 520594877?
False
Does 6 divide 290176020?
True
Is 84 a factor of 186536824?
False
Is 12554460 a multiple of 3618?
True
Is 792934503 a multiple of 240?
False
Is 10 a factor of 63829790?
True
Does 155 divide 610080?
True
Does 38 divide 1094364242?
True
Is 32620618 a multiple of 796?
False
Does 321 divide 144097760?
False
Is 33083497 a multiple of 529?
False
Does 14 divide 52930909?
False
Is 3122 a factor of 1018735211?
False
Does 769 divide 227125688?
True
Is 5297 a factor of 998998309?
True
Is 17 a factor of 184003298?
False
Is 810 a factor of 166848083?
False
Is 2288679400 a multiple of 12950?
True
Is 346778174 a multiple of 91?
False
Does 909 divide 4001418?
True
Is 919812 even?
True
Does 143 divide 288182609?
True
Is 3995280 a multiple of 310?
True
Is 121 a factor of 576548106?
False
Is 271347726 a multiple of 75?
False
Is 112 a factor of 329885584?
True
Is 173 a factor of 1242376145?
True
Is 114869700 a multiple of 225?
True
Is 282032944 a multiple of 231?
False
Is 21 a factor of 29715741?
False
Is 303822531 a multiple of 132?
False
Is 14102397 a multiple of 18?
False
Is 81014670 a multiple of 788?
False
Is 30 a factor of 65354130?
True
Is 682160753 a multiple of 65?
False
Is 1317 a factor of 46962903?
True
Does 141 divide 733023750?
True
Is 656254992 a multiple of 5834?
True
Is 16 a factor of 254055297?
False
Is 115 a factor of 191902587?
False
Is 1428490 a multiple of 17?
False
Is 19598820 a multiple of 7?
False
Does 167 divide 25928353?
False
Does 309 divide 38870346?
True
Is 1344660482 a multiple of 946?
True
Is 49 a factor of 251874455?
True
Does 59 divide 302689?
False
Is 16 a factor of 6880595125?
False
Is 90497341 a multiple of 397?
True
Is 3490 a factor of 305915950?
True
Does 331 divide 1133521747?
True
Is 111780663 a multiple of 131?
False
Is 88134178 a multiple of 2